omposite?
True
Let w(q) = q**3 - 17*q**2 + 18*q + 35. Suppose 5*v = 51 + 29. Is w(v) a composite number?
False
Let z(t) = t**2 + 6*t + 5. Let u be z(-5). Suppose u*f + 4*f - 188 = 4*k, -41 = k - 4*f. Is (-3269)/k + (-4)/(-14) composite?
False
Suppose -8*g = -8*g - 5*g. Let i(d) = -d**2 - 11*d + 187. Is i(g) prime?
False
Suppose 17*i = 20*i - 18. Let t = 650 - 345. Is t - 9/((-27)/i) prime?
True
Suppose -47301 = -4*n - 5*b, 10956 = 4*n - 4*b - 36300. Is n a composite number?
True
Let k(i) = 70*i + 73. Is k(12) prime?
False
Let k(j) = 11*j**3 + 2*j**2 + 20*j - 41. Is k(8) prime?
True
Let r(x) = -x**2 - 6*x + 9. Let j be r(-7). Let n be ((-1)/j)/(2/44). Let m = 108 + n. Is m a composite number?
False
Is 3/(-4)*(10 + (-90448)/24) a composite number?
False
Is 271*-4*(-2)/8 a prime number?
True
Let u be 276/10*(-5)/(-2). Suppose 0 = -5*h + 12 + 18. Is (-14)/(-1)*u/h prime?
False
Let u = 5857 - 4040. Suppose -4*w - 541 + u = 0. Is w a prime number?
False
Let r(a) = -2*a**2 + 25*a - 39. Let z be r(11). Is (-3 - -6)/(z/(-1346)) a composite number?
False
Is (-44)/(-33) + 28/24*68542 a prime number?
True
Let n = -1472 - -306. Is (-33)/(-22) + n/(-4) prime?
True
Let q(o) = -3*o - 7. Let r be q(-5). Let u be r/(((-21)/12)/(-7)). Suppose 0 = s - 0*n - n - 3, 4*s = -n + u. Is s prime?
True
Suppose 26614 = 27*v - 13*v. Is v a composite number?
False
Let h = 8 - -10. Suppose -3*d + h - 6 = 0. Is 2 - (d + 0) - -133 a prime number?
True
Let m be 7/(-2)*36/(-63). Suppose 0 = m*f + 3*f - 15. Let c = 48 + f. Is c a composite number?
True
Let w(j) = -4*j**2 - 3*j + j**2 + j**2 - 2*j**3 - 4. Suppose 2*d - 10 = 4*z, -5*z = -8*z + 5*d + 10. Is w(z) a composite number?
False
Let s(o) = 3*o - 17*o**2 - 6*o**2 + 34*o**2 + 53*o**2 + 2. Is s(3) a composite number?
False
Suppose 5*v - w = 54868, -2*v = 2*v + 2*w - 43886. Is v a prime number?
True
Let p(y) = 6*y + 41. Let o be p(-6). Suppose 3*h - 5*h = -4*a - 4946, -5*h = o*a - 12290. Is h composite?
True
Let c = 8808 - 5689. Is c composite?
False
Let l = -9 + 11. Suppose -3*g = 3*c - 9, -3*g + 2 = -l*c - 2*c. Is (-4 - -18)*19/g a composite number?
True
Let b = 4 - 3. Let y be 0 + b - (-212 + 1). Is -2 + 1 - y*-1 a prime number?
True
Let b be 15/(-25) - (-3819)/15. Suppose -p - b = -3*p. Is p a composite number?
False
Let f(a) = a**2 - a. Let o(b) = -7*b**2 + 9*b + 1. Let t(q) = -6*f(q) - o(q). Let k be t(9). Is (k/2)/((-11)/(-22)) a prime number?
True
Let n(c) = 3*c**2 + 4*c + 10399. Is n(0) composite?
False
Let a(g) = 2*g**3 - 2*g**2 - g + 5. Let p = -3 + 23. Let o = -16 + p. Is a(o) composite?
False
Let l be 4/(-18) + 20/9. Let v be -3*((-12)/(-54) - 179/9). Suppose l*x = x + v. Is x composite?
False
Suppose 0 = -8*x + 21290 - 2658. Is x prime?
False
Let w = 24374 + 17841. Is w a prime number?
False
Let f(q) = 14*q**2 - q - 28. Let y be f(-7). Is -46*(y/(-98) + (-4)/(-14)) a prime number?
False
Let c = -80 + 92. Is -2 - ((-30)/(-9))/(c/(-1494)) a prime number?
False
Suppose 0 = -6*w + w. Let b be (w - 5) + 2/2. Is 314*-1*2/b a composite number?
False
Let d be 1/1*(3 - -1066). Suppose p = -2*z + d, -p = -3*p + 5*z + 2138. Is p composite?
False
Let p(u) = 39*u**3 + 7*u**2 - 14*u + 7. Is p(2) prime?
False
Suppose -8*y + 165915 = -392029. Is y prime?
False
Let y = 38435 + -19066. Is y prime?
False
Let v be 12/(-10)*(2/3 + -4). Suppose -2*i - 2*p - 18 = -1796, -i + 889 = v*p. Is i a composite number?
True
Is ((-73323)/27)/(2/(-3))*2 a composite number?
False
Let w(q) = q**2 + 3*q - 1. Let s be w(2). Suppose -v - 2*o = -4*o + 2, o = 3*v - s. Is (-6396)/(-30) + v/5 composite?
True
Let f be (8/12)/(3/36). Suppose -f = r + 82. Is r/(-9) + (-3)/1 a prime number?
True
Let t be ((-4)/6)/(2/(-333)). Suppose -6*y + t = -2*y + l, -y + l = -29. Suppose -10*d + y = -6*d. Is d a composite number?
False
Let o be (141/(-6))/((-2)/36). Suppose 3*g + 3*w - o = 0, -3*g = -2*w - 431 - 2. Is g composite?
True
Suppose 5*f - 6*f - 3 = 0. Let g be 8/4 + (-26 - f). Let x = g + 79. Is x composite?
True
Let t = 53 - 40. Suppose 0 = -4*o + 3*r + 3299, 14*o = t*o + r + 826. Is o a prime number?
True
Suppose 6*w - 4 = 2*w. Is w/(3 - 256/86) a prime number?
True
Suppose 5*a - 465 = 2755. Suppose -a - 376 = 5*d. Let c = 367 + d. Is c composite?
False
Suppose 0*g + 70 = -g. Let d = 35 + g. Is (-14)/d + (-306)/(-10) composite?
False
Suppose 2*k + i = 46, -2*k + 38 = -0*k + 5*i. Let p be (k/15)/(2/5). Suppose 0 = -5*l + p*l + 49. Is l a composite number?
True
Suppose 2*h - 2 + 10 = 0. Is 150 + (-1 + 5)/h prime?
True
Let r = 1152 + 110. Suppose -2*n + 312 + r = -4*u, -n - u + 793 = 0. Is n prime?
False
Let f = 10454 - 3165. Is f a composite number?
True
Suppose 4339 = 3*b - 1820. Let q = -486 + b. Is q a prime number?
True
Let l = -5 + 11. Let f = l - 4. Is f/6 + (-434)/(-3) prime?
False
Let g = -6961 - -14936. Is (-1)/3 - g/(-75) prime?
False
Let o be (2/(-4))/((-12)/168). Let n(d) = d**3 - 4*d**2 - 4*d - 8. Is n(o) composite?
True
Let f be ((-12)/4 - -11) + 0. Let a be (6/f)/((-2)/(-8)). Suppose a*j + 857 = 3*i - 31, 2*i - j - 589 = 0. Is i composite?
False
Is (-76690)/(-6) + 80/(-120) a composite number?
False
Suppose 56*k + 4094 = 58*k. Is k a composite number?
True
Let x = 140 + -37. Let l = x - -220. Is l prime?
False
Let o = 3 - -6. Let k = 1 - o. Is (-632)/(-1) + (-9 - k) composite?
False
Let t = 5583 - 2264. Is t composite?
False
Let i be 468/16 - 2/8. Let l = i - 26. Suppose 33 = l*u - 174. Is u prime?
False
Suppose -4*c + 316826 = -148362. Is c composite?
True
Suppose 0 = -5*v + 3*v + 8. Suppose v*o = 15*o - 14223. Is o composite?
True
Suppose 2*u = 12 - 0. Suppose -u*p - 2962 = -8*p. Is p a prime number?
True
Suppose 3*k = 9*k - 912. Is (k - 0/2) + -3 a prime number?
True
Let l(m) = 7*m + 5. Let p be l(3). Let f = p + -36. Let j = f - -129. Is j a composite number?
True
Suppose 5*b - 10*b + 27370 = 0. Let u be b/(-7)*(-1)/(-2). Let j = -242 - u. Is j prime?
True
Let l(m) = -2*m**2 - 3*m - 1. Let p(s) = 3*s**2 + 5*s + 2. Let g(v) = 8*l(v) + 5*p(v). Let u be g(2). Suppose u*n - 417 = -3*n. Is n a composite number?
False
Let k be (-20)/(-3)*6/(-5). Let b = -4 - k. Suppose b*p = 234 + 338. Is p a composite number?
True
Let h = 1991 + -1187. Suppose 12*f - 552 = h. Is f a prime number?
True
Let f be 2/1*(-4)/(32/1108). Let o = 202 - f. Is o prime?
True
Suppose -5*h + 4*x = -230755, -5*h - 3*x + 230745 = -5*x. Is h a prime number?
True
Suppose -10*g = -19*g + 23661. Is g composite?
True
Let k be (-2)/(-2 + 3) + 6. Suppose 2*z + 2*q = 414 - 90, 5*q + 639 = k*z. Suppose 0*u + z = u. Is u a prime number?
False
Suppose -3*g - 20 = -0*g + 2*c, 0 = -g + c - 15. Let l = g + 20. Suppose a - l = 36. Is a composite?
True
Let d(r) = -r**2 - 7. Let p(n) = -n - 8. Let u(v) = -5*d(v) + 4*p(v). Let c be u(2). Is 9/c - (-1048)/20 a composite number?
False
Let d(y) = -8*y + 48. Let i be d(6). Suppose i = -4*q + 4, 4*l + q - 2165 = 4*q. Is l a composite number?
True
Suppose 4*p - 241 = -2*g + 883, -4*g = -3*p + 832. Let r = p + -197. Is r a prime number?
True
Let i(h) = 71*h**2 - 4*h - 24. Let z be i(8). Let o = z - 3173. Is o composite?
True
Suppose -3*d = -46 - 542. Suppose -6*j = -3*r - 2*j + d, 0 = -r + 4*j + 52. Let a = r - 1. Is a a prime number?
True
Let a(n) be the third derivative of -743*n**4/24 + 3*n**3 - 3*n**2. Is a(-11) composite?
False
Let u(n) = n**2 + 16*n + 8. Let d be u(-16). Suppose d = -3*r + 20. Suppose -r*t + 0*t = -268. Is t prime?
True
Suppose 0 = -3*k + 3, 2*k = 4*v + k - 3. Is (-111)/(v*(3 - 4)) composite?
True
Let f = 689 - -420. Is f a composite number?
False
Let b be (2 + -7)/(-1) + -3. Suppose -5*f = -z - 1981, 3*f + b*f + 5*z - 2005 = 0. Is f prime?
True
Let s(a) = 6*a**2 - 7*a - 4. Let r = 35 - 33. Let i = -4 - r. Is s(i) a composite number?
True
Let d(x) = x**3 + 22*x**2 + 21*x + 9. Let f be d(-21). Let u = -4 + 1. Is u/f + 574/3 prime?
True
Let a(v) = -1088*v**3 - 2*v**2 + 2*v + 3. Is a(-1) composite?
False
Suppose -t - 3*h + 11659 = 0, 23334 = -2*t + 4*t + 2*h. Is t a composite number?
True
Suppose 0 = -83*f + 562192 + 3636031. Is f a prime number?
True
Is (20 + -26)*467/(-2) prime?
False
Suppose -6*c + 990 = -c. Let x = c - 129. Is x a prime number?
False
Suppose -m + 33638 = o, 29 = m + 32. Is o composite?
False
Suppose -f + 702 =